ed by p.
22
Let s(n) = -61*n + 19. Let i be s(-2). Let m = 171 - i. Calculate the remainder when 57 is divided by m.
27
Let t = -19 - -42. Let q = -38908 - -38992. Calculate the remainder when q is divided by t.
15
Suppose 3*v - 4 = u - 2*u, -4*u = 3*v + 2. Calculate the remainder when (7 - 1)/((-74)/(-228 - 68)) is divided by v.
0
Let j = 92 - 48. Let h = -243 + 246. Suppose 8*q = 11*q - 4*r - 30, -r = -h*q + 30. What is the remainder when j is divided by q?
4
Suppose 0 = -12*a - 67 - 5. Calculate the remainder when -7 - 22/(-3) - 1810/a is divided by 77.
71
Let m(z) = z**3 - 15*z**2 + 45*z - 64. Let f be m(12). Suppose -437 = -f*i + 25*i. Calculate the remainder when 82 is divided by i.
13
Suppose 29*g - 11710 - 317 = 3749. What is the remainder when g is divided by 154?
82
Suppose -4*c + 113 = -15. Let h = 7641 + -4339. Suppose -11*i + h = 15*i. What is the remainder when i is divided by c?
31
Suppose 0 = 7*h + 12 - 40. Suppose 2*g - 2 = -r + 1, -h*g = 8. What is the remainder when (24/(-14) + 2)*r is divided by 1?
0
Let f(l) = -4*l**3 + 6*l**2 + l - 4. Let b(x) = -x**3 - 8*x**2 + 5. Let q be b(-8). Suppose w = q*w - 376. What is the remainder when w is divided by f(-2)?
44
Let h(g) = 69*g**2 - 430*g - 63. Calculate the remainder when h(7) is divided by 41.
21
Suppose 0*d + 3*d - 73 = -2*z, 3*d + 5*z - 79 = 0. Suppose 15*w + 664 = d*w. What is the remainder when 164 is divided by w?
81
Let x be 2/(-3) - 26/(-39). Suppose x = -6*k + 2*k + 24. Suppose -t + 4*t - k = 0. Calculate the remainder when 8 is divided by t.
0
Let f be (-93)/5 + 104/40 + -2. Let d(b) = b**2 + 18*b + 45. What is the remainder when d(f) is divided by 17?
11
Let d = 2791 + -1903. Calculate the remainder when d is divided by 6.
0
Suppose 3*j + 5*l - 118 - 31 = 0, l - 1 = 0. Let o = j + -25. What is the remainder when o is divided by (2 - (-20)/(-5))/((-6)/21)?
2
What is the remainder when 230 is divided by 5/(-2)*(-2 + -16)?
5
Let f(y) = -274*y**3 - 10*y - 11. What is the remainder when f(-1) is divided by 149?
124
Let q = -7032 + 7124. Let r = 211 + -116. Let p = r - q. Calculate the remainder when 43 is divided by p.
1
Suppose 16*u - 55 = 9. Suppose -2*k = -u - 4, 773 = 3*z + 2*k. Calculate the remainder when z is divided by 32.
31
Let p(w) = 5*w**2 - 3*w - 1. Let t(s) = 10*s**2 - 3*s - 1. Let x(j) = 7*p(j) - 3*t(j). What is the remainder when 99 is divided by x(4)?
15
Suppose x + 3147 + 2357 = 17*x. What is the remainder when x is divided by 21?
8
Suppose 0*i = -5*i. Suppose i = -5*s + 10, -2*y + 37 + 19 = 3*s. Calculate the remainder when 109/(-14)*-6 + (-14)/(-49) is divided by y.
22
Suppose 29*c - 846 - 38 = -23*c. Let w(t) = 186*t. What is the remainder when w(1) is divided by c?
16
Let c be 2*(-1)/2*2*-76. Suppose -3*y = -f - c, 4*y - 2*f - 44 = 3*y. Calculate the remainder when 117 is divided by y.
13
Suppose -48 = -7*h + 3*h. Let c = 136 - 19. Let v = c + -98. Calculate the remainder when v is divided by h.
7
What is the remainder when 763 is divided by (-20)/4 + (49 - -14)?
9
Let x(w) = 83*w**3 - 81*w**3 - 4 - 2*w + 3*w**2 - 6*w**2. Let v be x(3). Suppose v*j + 28 = 19*j. What is the remainder when 24 is divided by j?
10
Let r = -58 - -47. Let t(a) = -3*a**3 - 5*a**2 - 11*a - 29. Let k be t(r). What is the remainder when 2/7 - (-6 + k/(-70)) is divided by 20?
16
Suppose -153*n + 3487 - 427 = 0. What is the remainder when 4238 is divided by n?
18
Let a(m) = -3*m**3 + 49*m**2 + 7*m - 47. Calculate the remainder when a(16) is divided by 5.
1
Let c be (11 + -10)*1*(7 + -1). Let g(o) = 38*o - 39. What is the remainder when g(c) is divided by 48?
45
Suppose 39 = 4*a - 5*u + 144, 0 = -5*a - 4*u - 162. Let z(b) = 8*b + 5. Let t be z(6). Let x = a + t. Calculate the remainder when 89 is divided by x.
20
Let c be (-1700)/(-136) + (1 - (-3)/(-2)). Suppose -c*u = 39 - 231. Let y = 49 + -21. What is the remainder when y is divided by u?
12
Suppose 3*z = -44*z - 41454. Let p = -705 - z. Calculate the remainder when p is divided by 60.
57
Suppose -4*b + 82 = 3*r - 5, -5*b = -3*r - 129. Suppose 0*i - 4*i = -12. Calculate the remainder when (332/i)/((-22)/(-33)) is divided by b.
22
Suppose 5*n = -w + 60 + 1061, 5*w - 5*n - 5515 = 0. What is the remainder when w is divided by 365?
11
Suppose -3*k = -3*z - 36, -2*k + z - 255 + 276 = 0. What is the remainder when 2004 is divided by k?
6
Suppose 41*r + 5840 = 18509. Calculate the remainder when r is divided by 139.
31
Let g(v) = 3*v - 7. Let z be g(11). Suppose -q + z = 3*y, y + 92 = 2*q - y. What is the remainder when q is divided by (-226)/(-16) - 61/488?
13
What is the remainder when 921 is divided by ((-138)/8)/((-33)/132) - (-40)/5?
74
Suppose -980*o + 1092*o = 45248. Suppose 4*i + 102 = 2*a, 5*a - 2*a - 132 = -i. Calculate the remainder when o is divided by a.
44
Calculate the remainder when 201 is divided by ((-16*1)/1)/(-13*(-11)/(-143)).
9
Let r(i) = i**3 + 16*i**2 - 20*i - 43. Suppose 0 = 24*l + l + 425. Calculate the remainder when 37 is divided by r(l).
5
Let s(x) = x**2 + 12*x - 96. Let q be s(-28). Let y = 429 - q. Calculate the remainder when y is divided by 30.
17
Let p(i) = -i**3 - 98*i**2 - 209*i - 1012. What is the remainder when p(-96) is divided by 273?
74
Let i be (0*(-8)/(-24))/(-1). Suppose i = 3*o + o + 2*y - 152, -2*y + 114 = 3*o. What is the remainder when 48 is divided by o?
10
Let h = -4460 - -6135. What is the remainder when h is divided by 241?
229
Suppose -80 = -4*p - 3*x, 2*p = -0*p - 4*x + 40. Suppose 3*f + 86*o = 91*o + 40, -4*f - 5 = 5*o. Calculate the remainder when p is divided by f.
0
Let i(u) = -2*u**3 - 3*u**2 + 4*u - 59. What is the remainder when i(-8) is divided by 44?
37
Suppose 11 = 2*o + c - 22, -4*c + 56 = 4*o. What is the remainder when 4152 is divided by o?
10
Let q = 1251 - 1201. What is the remainder when 489 is divided by q?
39
Let b(x) = 71*x**2 - 27*x + 28. Calculate the remainder when 96 is divided by b(1).
24
Let z be 84/(-22) + 0 - (-2)/(-11). Let n be z*(2/10)/(4/10). What is the remainder when ((-437)/(-38))/(n/(-24)) is divided by 47?
44
Let v(l) = l**3 + 14*l**2 - 17*l - 17. Let q(a) = -2*a**2 + 64*a + 51. Let k be q(33). Calculate the remainder when 189/6*(0 - -2) is divided by v(k).
11
Suppose 0 = -3*v + 5 + 25. What is the remainder when 85 is divided by v*(1 - (-3)/2)?
10
Let f = -52 - -54. Let s(i) = 12*i**3 + 2*i**2 - 13*i + 25. Let q = 26 + -5. Calculate the remainder when s(f) is divided by q.
19
Let f(v) = v**2 - 39*v + 64. Let z(g) = -g**2 + 39*g - 64. Let r(l) = 4*f(l) + 5*z(l). What is the remainder when r(17) is divided by 4/22 - (-570)/11?
50
Suppose 2*p + 2*l = 10, 0*p = p + 5*l - 13. Suppose -a + 154 = 3*a + p*v, 2*v = a - 33. Let r = 147 + -77. Calculate the remainder when r is divided by a.
33
Suppose 0 = 5*o + 20 - 80. Suppose -73*z + 28 = -69*z. What is the remainder when 120/z - (-22)/(-154) - -4 is divided by o?
9
Let v = 116 - 43. Calculate the remainder when v is divided by (-200)/550 + (-62)/11 - -19.
8
What is the remainder when 707 is divided by 8 + 179 + 420/20?
83
Let q(u) = -8*u. Let t(l) = l. Let d = 2 - -3. Let c(y) = d*q(y) + 35*t(y). What is the remainder when c(-4) is divided by 8?
4
Let m(b) = 31*b**2 - 181*b + 4. Let a(f) = 35*f - 6. Suppose 0 = -3*z - 0 + 12. What is the remainder when a(z) is divided by m(6)?
32
Suppose u + 205 = 5*l, 539*u = -4*l + 538*u + 155. What is the remainder when 1676 is divided by l?
36
Let k = 117 + -115. Calculate the remainder when (266 + 2)*(k/4 + 1) is divided by 27.
24
Suppose -3*z = 3*x - 2964, -x + z = -1342 + 350. Suppose 0 = -5*r + 14*r - x. What is the remainder when r is divided by 28?
26
What is the remainder when 1651 is divided by (10 - (-535 + -1)) + 4?
1
Suppose 1399 = 5*z - 3*r - 984, 479 = z - r. What is the remainder when z is divided by 24?
17
Let k(c) = 2 - 24 + 3*c - 6*c - 2*c. Let g(u) = -u**2 + 5*u - 15. Let y be g(4). What is the remainder when 163 is divided by k(y)?
31
Let c(g) = -136 + 137 - 6*g - 3*g + g**2. What is the remainder when 32 is divided by c(10)?
10
Suppose 953 = 14*y - 1077. What is the remainder when y is divided by 133?
12
Let p = -13 - -47. Let i be 380/12 + -3 - (-8)/24. Suppose -i*d - 114 = -35*d. What is the remainder when p is divided by d?
15
Suppose 